. Calculate the highest common factor of f and 180.
36
Let b(f) = f**3 - 5*f**2 - f - 4. Let i be b(5). Let y = i + 16. Let z be (30/10)/(1/y). What is the greatest common factor of z and 21?
21
Let k(i) = -8*i**2 + i**3 + 5*i**2 + 0*i + 4*i - 4. Let n(t) = -t**2 - 9*t - 4. Let j be n(-8). Let d be k(j). Calculate the highest common factor of 4 and d.
4
Let g be ((-3)/(-2))/(5/10). Suppose -3*d + 7 = m, -d + 2 = -m - g. Suppose 9*z = -30 + 84. What is the greatest common factor of d and z?
3
Suppose -4*r + 50 + 18 = 0. Suppose v + v - r = -5*a, 0 = 3*a + 3. What is the highest common factor of 11 and v?
11
Suppose -3*c = -4*c + 135. Suppose 8*g = 145 - 25. What is the greatest common divisor of g and c?
15
Let n(f) = 9*f - 111. Let g be n(16). What is the highest common factor of 187 and g?
11
Let b be 53/((-472)/80 + 6). Calculate the highest common divisor of 212 and b.
106
Let c(y) = 13*y**2. Let k be c(1). Let x(o) = -5*o - 3. Let b be x(-24). Calculate the greatest common factor of k and b.
13
Suppose 5*u + 5*o - 425 = 0, 0 = -u + 7*o - 4*o + 89. What is the highest common divisor of 688 and u?
86
Suppose -4*j + 31 + 61 = 0. Let l = -19 + j. Suppose x - 21 = l*c, 0 = 2*x - 0*x - 5*c - 42. What is the highest common divisor of x and 7?
7
Let x(u) = -2*u + 18. Let s be x(5). Suppose -4*d + 65 = -5*r + 421, -4*r - 5*d = -293. Calculate the highest common factor of s and r.
8
Suppose 0 = 3*j - j - 350. Suppose -1250 = -87*o + 37*o. What is the greatest common factor of o and j?
25
Let c = 29 + -29. Suppose 2*l - 56 = -5*u, c = -0*u - 2*u - 4*l + 16. Let x(a) = a + 11. Let i be x(-7). Calculate the greatest common factor of i and u.
4
Suppose 5*v = -1 + 11. Suppose -2*r + 5*r + 25 = 2*u, 40 = 2*u + v*r. What is the greatest common factor of u and 17?
17
Let c be 1/((-68)/(-119) + (-3)/6). Let i be 2/4*(1 - 1). Suppose c = n - i*n. What is the highest common factor of 98 and n?
14
Let l = -123 + 211. Suppose -4*w = -5*w - 4, 23 = 3*y - 2*w. Suppose 3*d = y*d - 3*h - 41, -5*d + 114 = 4*h. Calculate the greatest common factor of l and d.
22
Suppose 0 = 8*x - 291 + 1043. Let w = x - -110. Let j = -48 - -88. What is the greatest common factor of j and w?
8
Let y(a) = a**2 - 8*a + 7. Let l be y(7). Suppose l = -8*s + 278 + 250. What is the greatest common factor of 6 and s?
6
Suppose -5*d = -4*i - 1824, -3*i + 637 = 4*d - 816. Calculate the greatest common divisor of 112 and d.
28
Let x be ((-6)/8)/((-8)/192). Let o(n) = -n**3 + 7*n**2 - 4*n - 6. Let q be o(6). Let p be 32/6*81/q. What is the greatest common divisor of p and x?
18
Suppose 10 = -4*p + 30. Suppose -p*j + 5 = -10. Let g(k) = 2*k**2 - k + 3. Let n be g(j). What is the highest common divisor of n and 6?
6
Suppose 0 = 2*a - 3*h - 258, -510 = -3*a - 5*h - 104. What is the highest common factor of a and 252?
12
Let u be (3/(-4))/((-8)/32). Suppose 2*x = 5*m + 29, 3*m = 3*x - 37 - 2. Calculate the highest common divisor of x and u.
3
Let y = -413 - -673. What is the greatest common factor of y and 104?
52
Let l(d) = -d**2 - 4*d + 7. Let f be l(-5). Suppose 3 - 43 = -f*c. Let r = 446 + -306. Calculate the greatest common factor of r and c.
20
Suppose 330*d - 346*d = -1536. Let o(g) = 2*g**2 + 3*g - 3. Let y be o(3). What is the greatest common factor of y and d?
24
Let d be 1 - (2 + -1)*-1. Suppose d*g = 23 + 29. Calculate the greatest common factor of 286 and g.
26
Let p = -132 + 69. Let m be (108/(-14))/(3/p). Calculate the highest common divisor of 18 and m.
18
Suppose 2*x + 17 = 27. Let q = -5 + 10. Calculate the highest common divisor of q and x.
5
Suppose 0 = -4*w - 2*f - 0*f - 64, 0 = w - 3*f + 2. Let y be ((-1)/1)/(7/w). Let q be y + -1 - (-5 + 5). What is the greatest common factor of 2 and q?
1
Let r(c) = -c**2 + 0*c**2 + 4*c**2 + 2*c**2 - c - c**3 + 6. Let q be r(4). Calculate the highest common factor of q and 2.
2
Let v be (-112)/(-5) - 10*13/325. Calculate the greatest common divisor of v and 1.
1
Let l be 12*-1*(-2)/2. Let w be 18/(-45)*(2 - 22). Calculate the greatest common divisor of w and l.
4
Suppose -o + 5*y = -27, o + 3*y = -0*o - 5. Calculate the greatest common factor of o and 203.
7
Suppose -8*k + 139 + 533 = 0. Calculate the greatest common factor of 228 and k.
12
Let p = 77 - 75. Suppose -4*k + 19 + 89 = 2*n, 162 = 3*n - p*k. Calculate the greatest common divisor of n and 81.
27
Suppose o - 8 = -4*b, -b + 2 + 0 = 2*o. Let a be (-6)/(-9) + 10/15*-1. Suppose -m + o*m + 5 = a. What is the highest common divisor of m and 45?
5
Let m be (3/2)/(3/10) - 0. Suppose m*p - 49 = -l + 8, -4*p + 50 = 3*l. What is the greatest common divisor of p and 55?
11
Let d be 2/(-8) + (-322)/(-8). Let m = -342 + 362. Calculate the highest common divisor of m and d.
20
Suppose -5*g - 4*h = -290, -3*g = 5*h - 40 - 134. What is the highest common divisor of 232 and g?
58
Let m = 4 + -12. Let p = -18 - m. Let n be p/60 + 451/6. Calculate the highest common divisor of n and 50.
25
Suppose 0 = -6*u - 1094 + 4202. Calculate the greatest common factor of u and 37.
37
Let o(b) = 36*b + 42. Let h be o(5). What is the greatest common factor of 148 and h?
74
Suppose -l - 21 = -5*n + 69, -58 = -4*n - 2*l. What is the greatest common factor of n and 34?
17
Suppose -5*w - 934 + 1024 = 0. Calculate the highest common divisor of 45 and w.
9
Suppose -i - 762 = -6*b + 5*b, 0 = 5*b - 2*i - 3798. What is the greatest common divisor of b and 2?
2
Suppose -27*l - 1001 = -40*l. Calculate the greatest common factor of 22 and l.
11
Let s = -87 + 119. Suppose f - 5*f + s = 0. What is the greatest common factor of 24 and f?
8
Suppose -68 + 5 = -3*n. Let f(i) = i**3 - i**2 - 3*i + 1. Let w be f(2). Let m be 5 - 4*w/(-2). What is the greatest common factor of n and m?
3
Let c = 177 - 167. Suppose 0 = 2*b - b - 50. Calculate the highest common factor of b and c.
10
Let t(l) = l**2 + 2*l + 1. Let x be t(5). Let a(s) = -5*s + 18. Let z be a(-6). What is the highest common factor of z and x?
12
Let c = -338 - -374. Calculate the greatest common factor of 96 and c.
12
Suppose 2*l = -3*l - 10. Let f(p) = -6*p - 1. Let k be f(l). Let z be 1200/55 - (-2)/k. What is the highest common factor of 2 and z?
2
Suppose -8 = 2*t + 4. Let p be (1/(-2))/(t/36). Suppose -p*h + 4 - 1 = 0. Calculate the greatest common factor of h and 7.
1
Let t(x) = 6*x - 10. Suppose -q = -6*q + 5, 2*l + 2*q = 12. Let s be t(l). What is the greatest common divisor of s and 100?
20
Let w = 3929 - 3895. Let i(g) = 69*g**2 - 1. Let f be i(-1). What is the greatest common factor of w and f?
34
Let r be (-2)/(-6)*2*405. Suppose 5*n + 4 = 34. Suppose n*a - a - r = 0. Calculate the highest common divisor of 135 and a.
27
Let l(z) = -z**2 - 14*z - 22. Let j be l(-8). Calculate the highest common divisor of 2 and j.
2
Let i(h) = 6*h**2 + 22*h - 40. Let q be i(-12). What is the highest common divisor of 35 and q?
35
Suppose 2*x + 16 = 2*m - 0*m, 5*x - 16 = -3*m. Suppose 92 = 11*n - m*n. Suppose -57 - n = -4*g. What is the greatest common divisor of 20 and g?
20
Let f be 2/5 + (-56)/(-10). Suppose 4*c - f*c + 192 = 0. Calculate the highest common divisor of c and 24.
24
Suppose -17*b = -55 - 863. What is the greatest common factor of b and 8?
2
Let i(f) = 3*f - 9. Let k be i(0). Let p be k/(-4 + 3) - -4. Let g be 3870/195 - (-2)/p. Calculate the highest common divisor of 20 and g.
20
Suppose -3*z + 50 = -46. Let g be ((-14)/(-7))/((3 - 1)/204). Suppose -d - 46 = 2*i - g, 10 = -5*d. Calculate the greatest common factor of z and i.
16
Let i(w) be the first derivative of -5*w**2/2 + 2*w - 2. Let y be i(-10). Let v be (-14)/21 - y/(-6). Calculate the greatest common factor of 16 and v.
8
Let q be -2 + 1 + 0 + 126. Let a(g) = -4*g - 30. Let r be a(-20). Calculate the greatest common factor of q and r.
25
Let k be (1/((-3)/(-2)))/(8/108). What is the greatest common factor of k and 63?
9
Let q = -281 - -110. Let u be (q/(-12) + -2)*4. Suppose -u - 51 = -2*a. What is the highest common divisor of 10 and a?
10
Suppose -4*i - 20 = -2*r - 2*i, 4*i + 54 = 5*r. Calculate the highest common factor of 147 and r.
7
Let h = 163 - 93. Let q = h - 53. What is the greatest common divisor of q and 51?
17
Let h be 1 - 1/2*2. Suppose -2*f - 18 = -3*f - 5*k, h = 4*f - k - 9. Suppose 